?
10001011101110
In base 3, what is -12 + 10200120201002?
10200120200220
In base 14, what is -4853 - -c?
-4845
In base 13, what is 35 - -1531?
1566
In base 2, what is 1011100011010 - -110?
1011100100000
In base 15, what is -1163 + 237?
-e2b
In base 5, what is -3323130 + 10?
-3323120
In base 10, what is -583 + 93?
-490
In base 4, what is -3 + 21031?
21022
In base 16, what is 1c64 - -32?
1c96
In base 4, what is -111 - -2023323?
2023212
In base 4, what is 32021210 + -233?
32020311
In base 15, what is 15a2c + 2?
15a2e
In base 8, what is -11 - -21?
10
In base 13, what is -24b073 + 1?
-24b072
In base 14, what is 17 + 5d4?
60b
In base 8, what is -27627 + 30?
-27577
In base 12, what is -1bb1 + -11?
-2002
In base 15, what is -4348 - 4?
-434c
In base 7, what is 5362 + 1166?
6561
In base 8, what is 6672 - 1?
6671
In base 14, what is -8 + -d?
-17
In base 4, what is -10 + 323232033?
323232023
In base 7, what is -5 + 1304220?
1304212
In base 10, what is -1 - 2030?
-2031
In base 10, what is -1 - 6667?
-6668
In base 4, what is 12 - -1111?
1123
In base 3, what is 1 - -2022110120111?
2022110120112
In base 13, what is 4 + -5517b?
-55177
In base 16, what is -20a13 - 5?
-20a18
In base 9, what is -1 + -232?
-233
In base 3, what is -120010 - -1201?
-111102
In base 15, what is -1a - d68e?
-d6a9
In base 3, what is -10000122 + 202?
-2222220
In base 15, what is -3196 + -2?
-3198
In base 3, what is -12211110 - 2?
-12211112
In base 13, what is -32b5 - 14a?
-3432
In base 8, what is -1 - -30336?
30335
In base 10, what is 87 + -284?
-197
In base 12, what is 8b0 - -15?
905
In base 7, what is 216 - -4366?
4615
In base 2, what is -100 - 10101110011011?
-10101110011111
In base 14, what is -581d - 9?
-5828
In base 6, what is 223 - -22222?
22445
In base 6, what is -1 - 15401121?
-15401122
In base 6, what is 24443 - 10?
24433
In base 6, what is 235454 - 10?
235444
In base 4, what is -20100300 - 10?
-20100310
In base 16, what is 5 - -1254a5?
1254aa
In base 11, what is 190 + -3494?
-3304
In base 12, what is 20 - -1995?
19b5
In base 7, what is -5 + -166060?
-166065
In base 10, what is 5152 + -5?
5147
In base 10, what is -1674 + -176?
-1850
In base 15, what is 239 - -2c?
266
In base 3, what is 101020 + -11210222?
-11102202
In base 13, what is b137 - 5?
b132
In base 14, what is 2059 - 2?
2057
In base 3, what is 10011012210101 + 0?
10011012210101
In base 7, what is -656 - -12?
-644
In base 11, what is 26588 + -16?
26572
In base 6, what is 3 - 43120101?
-43120054
In base 6, what is -1044 + 453?
-151
In base 12, what is -3 + 13310?
13309
In base 5, what is -12 + -11424020?
-11424032
In base 12, what is -2 + b3036?
b3034
In base 13, what is 1005 - 7?
ccb
In base 14, what is 153 - -43bd?
4532
In base 4, what is 0 - 3113102?
-3113102
In base 7, what is 21004 - -1342?
22346
In base 12, what is 2430 - -41?
2471
In base 12, what is -3920a + -2?
-39210
In base 6, what is 401252 - 5?
401243
In base 16, what is c - -259?
265
In base 12, what is 19b + -32?
169
In base 2, what is 11 - -110011100110100?
110011100110111
In base 14, what is -54dd - 5?
-5504
In base 4, what is 2 + 10003001213?
10003001221
In base 12, what is 144 - 1b28?
-19a4
In base 12, what is 2381 + 11?
2392
In base 14, what is -c + 9c63a?
9c62c
In base 10, what is -126 - -1834?
1708
In base 4, what is -1022323 + -31?
-1023020
In base 4, what is 322210 + -2002?
320202
In base 13, what is 40 - -303?
343
In base 9, what is -2403011 - 1?
-2403012
In base 3, what is -211112202221 - 2?
-211112210000
In base 14, what is 347cc + 5?
347d3
In base 3, what is 0 - 210012122201?
-210012122201
In base 16, what is 1d59 + 4?
1d5d
In base 5, what is -234112142 + -3?
-234112200
In base 11, what is -4 - -60a15?
60a11
In base 16, what is 5a960 + 4?
5a964
In base 10, what is 1 + -109899?
-109898
In base 5, what is -1 - 1424400?
-1424401
In base 16, what is -1e + 797e?
7960
In base 4, what is 101230301 + 1?
101230302
In base 7, what is -11411 - -436?
-10642
In base 13, what is 9243 - 4?
923c
In base 13, what is -27a7 + 104?
-26a3
In base 2, what is -101011101111 + -1010110?
-101101000101
In base 2, what is -111 + -110011001001011?
-110011001010010
In base 14, what is 0 + bd7d4?
bd7d4
In base 6, what is 1005023 - -5?
1005032
In base 15, what is 5 - -3?
8
In base 6, what is 204412 - -35?
204451
In base 10, what is -7167785 + -5?
-7167790
In base 3, what is -10100121222 - -11?
-10100121211
In base 10, what is -4 - -259212?
259208
In base 11, what is 14 + -52050?
-52037
In base 13, what is -5 - -55897?
55892
In base 12, what is -66ba + -38?
-6736
In base 13, what is bc + -2128?
-2039
In base 2, what is 10011 + -1110111000101100?
-1110111000011001
In base 12, what is 541 - 14?
529
In base 8, what is -15130666 - -3?
-15130663
In base 2, what is -101001111010000 - -1101?
-101001111000011
In base 12, what is 0 + -64a850?
-64a850
In base 13, what is -178b7 + 5?
-178b2
In base 8, what is -251 - 1504?
-1755
In base 9, what is -6702 - 0?
-6702
In base 15, what is bd4 + -1e?
bb5
In base 13, what is -4ca + 105?
-3c5
In base 15, what is -2 - 14eb9?
-14ebb
In base 5, what is 21 - 3310?
-3234
In base 15, what is -c - d05d?
-d06a
In base 10, what is 7171 + -14?
7157
In base 3, what is 122100 - -1101?
200201
In base 5, what is 10213 - 103?
10110
In base 11, what is 1 - 598?
-597
In base 3, what is -1 + 100210201221?
100210201220
In base 2, what is 110001001110000 - 0?
110001001110000
In base 3, what is -201 + -200020001?
-200020202
In base 15, what is -69928 + 3?
-69925
In base 10, what is -4 - -210519?
210515
In base 14, what is -46c1 + -5?
-46c6
In base 3, what is 1 - -222120210100?
222120210101
In base 6, what is -12 - 130502?
-130514
In base 10, what is 84153 + -3?
84150
In base 4, what is -33 + -3023121?
-3023220
In base 5, what is 1321 + 1313?
3134
In base 9, what is 18 - 5412?
-5383
In base 9, what is -171 - 1706?
-1877
In base 15, what is -16c2 + -ad?
-1780
In base 11, what is -42204 - 11?
-42215
In base 14, what is 4c + 1208?
1256
In base 6, what is 1013 + 20033?
21050
In base 12, what is 4110 + -2?
410a
In base 5, what is -30 + -101000?
-101030
In base 11, what is -30a6 - -9?
-3098
In base 9, what is -874880 + -1?
-874881
In base 10, what is 72 + -35761?
-35689
In base 8, what is -4 - 21404?
-21410
In base 14, what is 118 + -148?
-30
In base 16, what is 1d29a + 5?
1d29f
In base 12, what is -4 + 6166a?
61666
In base 5, what is -22312130 + 3?
-22312122
In base 2, what is -110111010100010011 + 0?
-110111010100010011
In base 10, what is -4 + 20216?
20212
In base 6, what is 354300 + 113?
354413
In base 11, what is 2 + -155?
-153
In base 2, what is -100101110110 + -111101?
-100110110011
In base 6, what is -3031234 + 15?
-3031215
In base 13, what is 87 - -698?
752
In base 10, what is -92679 + 4?
-92675
In base 2, what is 100111 + 10110010100?
10110111011
In base 5, what is 103114 - -1102?
104221
In base 9, what is -1 - -1032523?
1032522
In base 6, what is -1152012 - 4?
-1152020
In base 9, what is -16 - -174217?
174201
In base 6, what is 4 + 2111531?
2111535
In base 8, what is 535 - 2263?
-1526
In base 10, what is 16 - 27402?
-27386
In base 4, what is -2020 - -203313?
201233
In base 6, what is 12 - -1020205?
1020221
In base 2, what is 11000001011101000 + 100?
11000001011101100
In base 4, what is 11332200 + -2?
11332132
In base 9, what is 453576 - -1?
453577
In base 14, what is 4b88 + 6b?
4c15
In base 16, what is 196b - 28?
1943
In base 2, what is 101 - 100000010100?
-100000001111
In base 13, what is -262338 - -3?
-262335
In base 15, what is -2e + -5e3?
-622
In base 5, what is -33423320 + 4?
-33423311
In base 7, what is 1111 + -246?
532
In base 10, what is -4 - 21935?
-21939
In base 8, what is 767 - 43?
724
In base 7, what is -5335 - 10?
-5345
In base 3, what is -120001122 + 20?
-120001102
In base 8, what is 22002 + 53?
22055
In base 12, what is 5 + 647?
650
In base 2, what is -1001110001 + -100110010?
-1110100011
In base 3, what is -110001222 - 100?
-110002022
In base 16, what is -5 - -2c2eb?
2c2e6
In base 15, what is 13a4 - e?
1395
In base 5, what is -4423 - -1202?
-3221
In base 14, what is -1 - -706b?
706a
In base 7, what is 2214 - 60?
2124
In base 2, what is 11100101000110 - 10?
11100101000100
In base 5, what is 221222 - 33?
221134
In base 2, what is 110011011 + -